-122?
-1011201232
In base 15, what is -69018 - 2bd?
-692d6
In base 8, what is -345042013 - -16?
-345041775
In base 10, what is 382047 + 401?
382448
In base 13, what is 1c - -20658?
20677
In base 8, what is -4315 + -2532?
-7047
In base 12, what is 1963b09 - 1?
1963b08
In base 14, what is -2a79 + -176?
-2c11
In base 10, what is -2744583 - -41?
-2744542
In base 12, what is -1b2 - 117b4?
-119a6
In base 16, what is -d1e + -26212?
-26f30
In base 2, what is 101111000011010010101100 + 1?
101111000011010010101101
In base 14, what is -2a63860 - 0?
-2a63860
In base 3, what is -20022121010111121 + 10?
-20022121010111111
In base 15, what is c614 - -14ae?
dac3
In base 9, what is -77 - 61240?
-61327
In base 14, what is 230d - -14cac?
171bb
In base 9, what is -545140 + 110?
-545030
In base 4, what is 1212012 - 11210?
1200202
In base 9, what is 6 + -3274?
-3267
In base 8, what is -56 - 36645?
-36723
In base 5, what is -24 - -1103142302?
1103142223
In base 15, what is -3 - -1a469d6?
1a469d3
In base 6, what is -1532205 + -1511?
-1534120
In base 2, what is -1010010111111 + -11001001000111101?
-11010011011111100
In base 4, what is -3232013213 - 220?
-3232020033
In base 4, what is 21110 + -30130?
-3020
In base 8, what is -2 + -67737266?
-67737270
In base 11, what is 7777 + 476?
8142
In base 4, what is 11122 - -3223003130?
3223020312
In base 7, what is -5 + 5631201401?
5631201363
In base 6, what is -244 + -11541544?
-11542232
In base 13, what is -c041b - 21?
-c043c
In base 10, what is -57759665 + 23?
-57759642
In base 16, what is -a2aa - -3a9?
-9f01
In base 8, what is 14757051 - 1?
14757050
In base 11, what is -14337717 - 3?
-1433771a
In base 10, what is 14871 - 737?
14134
In base 3, what is -221000 + 11020111211112?
11020110220112
In base 13, what is a + -2c4ca6?
-2c4c99
In base 16, what is 77f778 - -6?
77f77e
In base 6, what is -254 + -241534032?
-241534330
In base 10, what is 62391533 - -4?
62391537
In base 16, what is 184d4 + -10a0?
17434
In base 11, what is -3944 - 18a?
-4023
In base 7, what is 35 - 44124042?
-44124004
In base 8, what is -2074325660 - -4?
-2074325654
In base 15, what is -437cdd - 1?
-437cde
In base 7, what is -50 + -1046603?
-1046653
In base 11, what is -557 - 56a4?
-6150
In base 4, what is -10011 - -2121220123?
2121210112
In base 7, what is 260531 - 124?
260404
In base 11, what is 1067 - 446?
721
In base 14, what is -b43200 - -5?
-b431d9
In base 9, what is -877 + 10657?
8670
In base 10, what is 70 + 81718?
81788
In base 2, what is 1 - 101110101111011?
-101110101111010
In base 5, what is -2130442132 - 231?
-2130442413
In base 6, what is -133100214454 + 5?
-133100214445
In base 13, what is -1389a11 + 33?
-13899ab
In base 5, what is -120302432300 - 10?
-120302432310
In base 14, what is -d8136a - -28?
-d81342
In base 3, what is -100220 - 21100101?
-21201021
In base 14, what is 10 - 19c3691?
-19c3681
In base 9, what is -65 + 1561214?
1561138
In base 8, what is 17542 - -50741?
70503
In base 13, what is -21330a + -47?
-213354
In base 4, what is -3132302330 - 1020?
-3132310010
In base 7, what is 2 - 1413612444?
-1413612442
In base 13, what is 77 + 2209?
2283
In base 15, what is 37eb2 - c?
37ea5
In base 2, what is 1000000100 + 11101101110111101?
11101110111000001
In base 7, what is -3063554 - 12?
-3063566
In base 9, what is 36 + 158518?
158555
In base 16, what is -25 + 55f51?
55f2c
In base 10, what is 23636032 + 4?
23636036
In base 11, what is a76131a2 - 8?
a7613195
In base 15, what is 1a6a - 45c?
160d
In base 10, what is 1468907 - -416?
1469323
In base 12, what is -1b2aab + -266?
-1b3155
In base 6, what is 4 - -24502024000?
24502024004
In base 3, what is 1211111010211211201 - 11?
1211111010211211120
In base 2, what is 10 + 11011111111001011011010010?
11011111111001011011010100
In base 12, what is 271a8577 + 0?
271a8577
In base 6, what is 4 - -213201231?
213201235
In base 10, what is -66219 + -2105?
-68324
In base 9, what is 12322 - 4200?
7122
In base 5, what is -1013412344241 - -3?
-1013412344233
In base 8, what is -356147 - 571?
-356740
In base 10, what is -1005586 - 24?
-1005610
In base 13, what is -6 - -b00620?
b00617
In base 9, what is 52464426 - 0?
52464426
In base 12, what is 76034ba + 33?
7603531
In base 9, what is 13 + -4633467?
-4633454
In base 14, what is 28 + -89089?
-89061
In base 13, what is 290a0a + 120?
290b2a
In base 3, what is -1020101220 + -2122001?
-1100000221
In base 14, what is -1a9ccc6 + -2?
-1a9ccc8
In base 6, what is -530033 + 14?
-530015
In base 12, what is -4 - -9241a84?
9241a80
In base 14, what is 9 - c24639?
-c24630
In base 3, what is -211011 + 221212020?
221001002
In base 12, what is -495010 - -122?
-494aaa
In base 12, what is -aa60 + 187?
-a895
In base 7, what is 130226 + -34?
130162
In base 11, what is 901121 + 36?
901157
In base 7, what is 14 + -330010503?
-330010456
In base 14, what is -802246 + a?
-80223a
In base 12, what is -2 + -5434302?
-5434304
In base 5, what is 102 + -14133413?
-14133311
In base 5, what is -411441 + -230044?
-1142040
In base 7, what is 2 + -661133205?
-661133203
In base 10, what is 4 + -20835626?
-20835622
In base 2, what is 11100111101001101110001 - 10?
11100111101001101101111
In base 3, what is 22212112 + -1122200?
21012212
In base 6, what is 44013532 + 34?
44014010
In base 4, what is -10 + -130212100031?
-130212100101
In base 16, what is 19 - -5204d0?
5204e9
In base 13, what is -5 - -6875755c?
68757557
In base 3, what is 0 - -11000012222022?
11000012222022
In base 8, what is -33740 - 5050?
-41010
In base 12, what is 5 - 11a01a2?
-11a0199
In base 14, what is -2 + -5b6bb6?
-5b6bb8
In base 6, what is -123 + 14021042?
14020515
In base 10, what is -13478360 - -3?
-13478357
In base 7, what is -62310566 + -2?
-62310601
In base 7, what is 5515 - -1040541?
1046356
In base 5, what is 3 + 22304201342?
22304201400
In base 14, what is -32 + 3c3ca6?
3c3c74
In base 7, what is -213300 + -106?
-213406
In base 11, what is -3 + -49364a0?
-49364a3
In base 16, what is -54d5ec6e + 2?
-54d5ec6c
In base 2, what is -111000010011100111010111 + 110?
-111000010011100111010001
In base 4, what is 32 + 11112323032?
11112323130
In base 5, what is 110243214 - -40?
110243304
In base 8, what is -37 + -1341272?
-1341331
In base 11, what is 5 + -5704602?
-57045a8
In base 9, what is -64376738 - -14?
-64376724
In base 15, what is -ebd7 + -2541?
-12228
In base 3, what is 122222 - -102122111?
110022110
In base 10, what is -166816 + -9?
-166825
In base 5, what is -41221323 - -3004?
-41213314
In base 12, what is 12562b + -158?
125493
In base 12, what is 45344 + 12?
45356
In base 12, what is -15017 - 604a?
-1b065
In base 6, what is -220325235 + 21?
-220325214
In base 10, what is 624 - -1077486?
1078110
In base 9, what is 37772833 - 4?
37772828
In base 14, what is d + 12879943?
12879952
In base 7, what is 422601433 - 1?
422601432
In base 14, what is b37407 + 49?
b37452
In base 15, what is 0 - -2aba81?
2aba81
In base 9, what is -1103 + 100244?
88141
In base 9, what is -724 - 185121?
-185845
In base 6, what is -43 + -4240101?
-4240144
In base 14, what is -2 + 66484c4?
66484c2
In base 15, what is 4 - -36dbe2e?
36dbe33
In base 12, what is -36501 + -38?
-36539
In base 2, what is -1100111110 - -110000001000?
100011001010
In base 9, what is -1036 + -184000?
-185036
In base 8, what is -246 - 1075417?
-1075665
In base 4, what is 202310100320 - 101?
202310100213
In base 6, what is 41510 - 11431?
30035
In base 11, what is 3 - 84554671?
-84554669
In base 8, what is -1 + -22252560?
-22252561
In base 9, what is 276333 + 44?
276377
In base 5, what is 1 + 1001424422240?
1001424422241
In base 16, what is -1390a + -26c?
-13b76
In base 3, what is -2000210022210022 + -1?
-2000210022210100
In base 10, what is 1832 + 92?
1924
In base 16, what is -4df - -62bb?
5ddc
In base 5, what is -204 + 121342222?
121342013
In base 10, what is 96659 + -5722?
90937
In base 11, what is 10a - 16a41?
-16932
In base 16, what is -5 - -28e2ff?
28e2fa
In base 15, what is 1be51 + 25?
1be76
In base 8, what is 143 + -27526157?
-27526014
In base 13, what is 4b60 - 1435b?
-c4cb
In base 15, what is d + -115a5d?
-115a50
In base 12, what is -35345a94 + 3?
-35345a91
In base 8, what is 141472654 - -22?
141472676
In base 8, what is 1 - -12070513?
12070514
In base 5, what is 12201 - -40